4*g = -h*g - n. Suppose d = 0, 2*d + g*d + 264 = 3*z. List the prime factors of z.
2, 11
Suppose 2*l = 6, 4*l + 3111 = z - 2729. What are the prime factors of z?
2, 7, 11, 19
Let m(v) = v**3 + 26*v**2 + 26*v + 31. Let i be m(-25). What are the prime factors of 242 + (-2)/i + (-36)/54?
241
Let a = -5349 + 13655. List the prime factors of a.
2, 4153
Let f(b) = 8*b - 12*b + 12 + 12 + 0*b + 10*b. Suppose -15 = -0*n - 3*n. List the prime factors of f(n).
2, 3
Suppose 3*h = -2*v + 98, -3*h + 13*v - 9*v = -92. Suppose -n = -9*n + h. List the prime factors of -3 - 14/n*(6 + -28).
2, 37
Suppose 825*p - 13071058 - 1063356 = 20563436. List the prime factors of p.
2, 17, 1237
Let g(i) = 5*i**3 + 0*i**3 + 7*i**3 + 26*i**2 - 66*i + 12*i**3 + 5 - 25*i**3. List the prime factors of g(21).
2, 103
Let l(b) = -b**3 + 10*b**2 + 27*b - 16. Suppose 189 = 5*q + 134. List the prime factors of l(q).
2, 5
Let n(b) = -2160*b + 25. Let o be n(1). Let g = o - -3664. What are the prime factors of g?
11, 139
Suppose 40*b + 59*b = 2136321. What are the prime factors of b?
3, 7193
Let n = 496 - -2323. What are the prime factors of n?
2819
Suppose 2*t + 25 = -a, -2*t = -a - 4 + 39. Let p(v) = -2*v - 31. Let g be p(t). What are the prime factors of (-7 - -2)/(3 + -3 + g)?
5
What are the prime factors of 5010 + (3*40/(-24))/((-3)/3)?
5, 17, 59
Let k = -320 + 330. Suppose 0 = -k*q + q + 4527. List the prime factors of q.
503
Suppose -97*y + 1613454 - 80078 = 0. List the prime factors of y.
2, 13, 19
Let q(k) = 108*k**2 - k + 3. Suppose 3*t = 4*h - 1, 3*t + 8 = -h + t. What are the prime factors of q(h)?
19, 23
Let d(c) = c**3 - 16*c**2 + 96*c + 407. What are the prime factors of d(27)?
2, 7, 787
Let f(j) = -2*j**2 - 11. Let s be f(6). Let m = s - -63. List the prime factors of (-312)/m*(-10)/(-3).
2, 13
Suppose 133*u - 788272 = 114*u. What are the prime factors of u?
2, 2593
Let m(f) = 9*f**2 + 41*f - 13. Let j(p) = -2*p**2. Let a(g) = -6*j(g) - m(g). Let l(s) be the first derivative of a(s). List the prime factors of l(18).
67
Suppose 2*n - 93 = 4*k + 441, 4*k + 1329 = 5*n. Let j = n + 571. What are the prime factors of j?
2, 11, 19
Suppose 0 = -1958*x + 1962*x - 150536. What are the prime factors of x?
2, 31, 607
Suppose 8084 = 4*w - 3480. Suppose -995 + w = 6*r. What are the prime factors of r?
2, 79
Let q = 33402 + -21705. What are the prime factors of q?
3, 7, 557
Let a be -1 + 0/(0 - 1). Let z(l) = 10*l**2 + l + 1. Let c be z(a). Suppose 0 = c*q - 216 - 294. List the prime factors of q.
3, 17
Suppose 2*y + 75 - 89 = 0. Suppose 3*x - 2240 = -y*x. What are the prime factors of x?
2, 7
Suppose -2*v + 6*u - 7*u + 7759 = 0, 3 = -3*u. List the prime factors of v.
2, 5, 97
Suppose 263618 = 17*g - 383610 + 90784. What are the prime factors of g?
2, 7, 167
Suppose 4*d + 458 = 3*d. Let r(y) = 2*y**3 - 7*y**2 + 16*y + 107. Let u be r(-6). Let q = d - u. What are the prime factors of q?
5, 43
Let d = 509 + -525. List the prime factors of d/(-96) - (-8295)/18.
461
Suppose 108443 = 3*j - m, -248*j - 5*m - 180725 = -253*j. What are the prime factors of j?
37, 977
Suppose -23*x + 207878 = -x. Suppose x = 18*m - 3223. What are the prime factors of m?
2, 11
Let k be (-500)/1*1749/(-66). Suppose 2*s + 8*s = k. List the prime factors of s.
5, 53
Suppose 80714 = 15*t + 14384. What are the prime factors of t?
2, 3, 11, 67
Let v(j) = -j**3 - 17*j**2 - 4*j - 2. Let h be v(-17). Suppose -h*a = -73*a + 5138. List the prime factors of a.
2, 367
Let q = 4026 - 2597. Let g = -462 + q. What are the prime factors of g?
967
What are the prime factors of ((4 + 42/(-10))*-1258)/(18/1980)?
2, 11, 17, 37
Suppose 0 = 3*l - 6*l - d + 429, 5*l = -4*d + 722. List the prime factors of l.
2, 71
Let x be (-68)/(-3 - (-68)/24). Let a = x - 363. What are the prime factors of a?
3, 5
Suppose 5*c + 176 = 26. Let p be (c/27)/5 + (-20)/(-9). What are the prime factors of 26*((-4)/8 + p)?
3, 13
Let m = 43117 - 23929. What are the prime factors of m?
2, 3, 13, 41
Suppose -4*i + g + 168 = 0, -6*i = -4*i - 4*g - 98. Suppose 3*c = -2*b + 176, 0 = -4*c - 4 - 12. Let x = b - i. List the prime factors of x.
53
Let v(f) = -f + 1. Let a(s) = 10*s + 9. Let u(i) = -3*a(i) + 3*v(i). Let c be u(14). List the prime factors of 10/15*(-1)/(4/c).
3
Let d(r) = r**3 - 16*r**2 - 15*r + 50. Let t be d(17). Let i = t - 76. Suppose m - i = a - 58, 2*m - 257 = -5*a. List the prime factors of a.
3, 17
Suppose 4*j = w - 8, -27*w = -29*w - 4*j + 4. Suppose w*i - 280 = -2*x, 0 = -2*i + 3*i. List the prime factors of x.
2, 5, 7
Suppose -2369054 = -96*z + 71*z - 593429. What are the prime factors of z?
3, 5, 947
Let k(o) = -o**3 - 16*o**2 + 19*o + 32. Let g be k(-17). List the prime factors of (g - 4 - -514) + (0 - -3).
7, 73
Let n = 65129 - 28370. What are the prime factors of n?
3, 12253
Let k(l) = 75*l**3 - 3*l**2 + 3*l - 4. Let b(i) = -i**3. Let s(d) = -6*b(d) + k(d). What are the prime factors of s(2)?
2, 11, 29
List the prime factors of 34676 - (-19 - -11)*1/4.
2, 7, 2477
What are the prime factors of (-2052 + -2)/((-2)/15 + 2/(-210))?
2, 7, 13, 79
Suppose 3*a + 4*x + 10860 - 33443 = 0, -x = -4*a + 30079. What are the prime factors of a?
3, 23, 109
Let y(r) = -r**3 + 8*r**2 + 10*r + 411. List the prime factors of y(-30).
3, 11437
Suppose 0 = -7*b + 510960 - 21471. List the prime factors of b.
3, 11, 13, 163
Let k be (-2 + 1 - -3 - 6) + 4251. Suppose -l + 5962 - 627 = 5*h, 4*h = -5*l + k. What are the prime factors of h?
2, 3, 89
Suppose -o + 2*r + 630 = 0, -4 = 4*r - 16. List the prime factors of 10/((-147)/o - 5/(-20)).
2, 5, 53
Let t(o) = 58*o - 15*o + 9 + 28*o. Let w be t(9). Suppose -w + 18 = -10*i. List the prime factors of i.
3, 7
What are the prime factors of 3942/(-1752) - 109937/(-4)?
2, 7, 13, 151
Let x be (14/(-21))/((-10)/45). Suppose 755 = x*k + p, -4*k + 2*p + 1012 = -2*p. List the prime factors of k.
2, 3, 7
Let x(u) = 9*u - 29*u**2 + 59 + 37*u + 32*u**2 + 6*u + u. What are the prime factors of x(-28)?
3, 103
Suppose 18*s = 22*s - 1872. Let d be 2/(-3)*(-45)/10. Suppose 4*v - s = d*c, 5*c + 351 = 3*v - 0*c. List the prime factors of v.
3, 13
Let m(k) = 5268*k + 353. What are the prime factors of m(4)?
5, 857
Suppose 0 = -5*b + 4*y + 424, -34*b + 31*b = 4*y - 280. List the prime factors of 1*81*(14 + b/24).
3, 53
Let u(w) be the first derivative of w**4/4 - w**3 - 3*w**2/2 + 21*w + 100. List the prime factors of u(10).
691
Let p(f) = 3*f + 58. Suppose -2*c + 5 = 3*t + 54, 4*c = -3*t - 47. Let i be p(t). Suppose -x + 1144 = i*x. List the prime factors of x.
11, 13
Let r be 0/((-18)/8 + (-2)/(-8)). Let q be r*((-1)/(-2) + 0). Suppose 2*c - c + 4*t - 130 = q, 4*t = 3*c - 406. What are the prime factors of c?
2, 67
List the prime factors of (-34671)/(-5) - (-6)/210*(2 - 9).
2, 3467
List the prime factors of (-24)/(-144) - (46487/6)/(-7).
3, 41
Suppose -3 = -57*o + 56*o. Suppose 0 = o*t - 367 - 593. List the prime factors of t.
2, 5
Let n be (3/(-5))/((-8)/160). Suppose -g - n - 9 = 0. Let a = g - -36. What are the prime factors of a?
3, 5
Suppose -w + 2 + 1 = 0, -4*p = 2*w - 2022. Let o = p - 874. List the prime factors of o/(-8) + (-33)/(-44).
47
Let m = -10208 + 14705. What are the prime factors of m?
3, 1499
Suppose 0 = 2*m + 9 - 25. What are the prime factors of ((-18)/m)/((-819)/272 + 3)?
2, 3, 17
Let o(r) = 4*r**2 - 3*r + 2*r**2 + 11 + 6*r**2 - 3*r**2 - r**3. Suppose -154*u + 14 = -152*u. List the prime factors of o(u).
2, 11
List the prime factors of (-2 + -45)/(((-748)/48)/(-17) - 1).
2, 3, 47
Let x(b) = -2564*b - 124. List the prime factors of x(-5).
2, 3, 23
Suppose 5*y - 4*c - 2802 = 0, 5*y - 1756 - 1060 = 2*c. What are the prime factors of y?
2, 283
Suppose 39215 = -19*a - 12*a. Let g = -141 - a. What are the prime factors of g?
2, 281
Let k = -418 - -422. Suppose -2*u - q = -511, -2*q - 1043 = -k*u + 3*q. What are the prime factors of u?
257
Let m(p) = 856*p - 7. What are the prime factors of m(7)?
3, 5, 7, 19
Let r be -1 + (11 - 6/3). Let l(x) = -x**2 + x - 14. Let h be l(r). What are the prime factors of (4/(-10))/(7/h)?
2
Suppose -59*u + 29*u = -45*u + 66420. What are the prime factors of u?
2, 3, 41
Let s(q) = -q**3 + 24*q**2 + 4*q + 36. Suppose -2 = 7*p - 170. List the prime factors of s(p).
2, 3, 11
Let o be (-7 